{"id":486,"date":"2022-09-01T11:06:32","date_gmt":"2022-09-01T09:06:32","guid":{"rendered":"https:\/\/100prozbraslav.cz\/?page_id=486"},"modified":"2022-09-01T11:08:14","modified_gmt":"2022-09-01T09:08:14","slug":"mesto-a-krajina","status":"publish","type":"page","link":"https:\/\/100prozbraslav.cz\/?page_id=486","title":{"rendered":"M\u011aSTO A KRAJINA"},"content":{"rendered":"\n<ul class=\"wp-block-list\" id=\"top\"><li>Prosadili jsme nov\u00e9 autobusov\u00e9 linky \u010d. 242 a 246 a nov\u00fd no\u010dn\u00ed spoj.<\/li><li>P\u0159ipravili jsme dopravn\u00ed \u0159e\u0161en\u00ed k\u0159i\u017eovatek mostu Z\u00e1vodu M\u00edru, kter\u00e9 v\u00fdrazn\u011b zjednodu\u0161uje dopravu v&nbsp;situaci uzav\u00edrky Barrandovsk\u00e9ho mostu.<\/li><li>Prosadili jsme spolu s TSK Praha a.s. nov\u00fd most v&nbsp;ulici K V\u00fdtopn\u011b<\/li><li>P\u0159isp\u011bli jsme k&nbsp;zaveden\u00ed BUS pruhu Lahovi\u010dky \u2013 Sm\u00edchov.<\/li><li>Poda\u0159ilo se n\u00e1m na Magistr\u00e1tu prosadit rekonstrukci \u017dabov\u0159esk\u00e9 ulice a vyjednat uvoln\u011bn\u00ed pen\u011bz z&nbsp;rozpo\u010dtu MHMP.<\/li><li>Prosadili jsme mimo\u00farov\u0148ovou k\u0159i\u017eovatku do projektu dostavby policejn\u00edho are\u00e1lu Na Ban\u00edch.<\/li><li>Z&nbsp;dotace Magistr\u00e1tu vykupujeme pozemky pod komunikacemi na Z\u00e1visti pro projekt nov\u00e9ho vodovodu a kanalizace.<\/li><li>Spolupracujeme se zahr\u00e1dkovou osadou Nad Kam\u00ednkou, podpo\u0159ili jsme zachov\u00e1n\u00ed vodovodu.<\/li><li>Pe\u010dujeme o b\u0159ehy \u0159ek, lesy a louky.<\/li><li>Systematicky pe\u010dujeme o m\u011bstsk\u00e9 pozemky, udr\u017eujeme biotop pro voln\u011b \u017eij\u00edc\u00ed \u017eivo\u010dichy v&nbsp;Lahovi\u010dk\u00e1ch.<\/li><li>Vznikla nau\u010dn\u00e1 stezka v&nbsp;Lahovi\u010dk\u00e1ch.<\/li><li>Pravideln\u011b prob\u00edhaj\u00ed povod\u0148ov\u00e9 prohl\u00eddky.<\/li><li>Je zavedeno krizov\u00e9 \u0159\u00edzen\u00ed pro povod\u0148ov\u00e9 stavy \u2013 digit\u00e1ln\u00ed povod\u0148ov\u00fd pl\u00e1n, informace pomoc\u00ed Mobiln\u00edho rozhlasu, v\u00fdbava a v\u00fdcvik JSDH.<\/li><li>Zrekonstruovali jsme z\u00e1zem\u00ed pro jednotku JSDH Zbraslav.<\/li><li>\u00dasp\u011b\u0161n\u011b jsme p\u0159ipom\u00ednkovali Metropolitn\u00ed pl\u00e1n.<\/li><li>Spole\u010dn\u011b s&nbsp;dal\u0161\u00edmi samospr\u00e1vami jsme zastavili megalomansk\u00fd projekt splavn\u011bn\u00ed Berounky.<\/li><li>Aktivn\u011b spolupracujeme s&nbsp;IPR na vzniku P\u0159\u00edm\u011bstsk\u00e9ho parku Soutok, kde pravideln\u011b prob\u00edhaj\u00ed kulturn\u00ed programy. Byla vyps\u00e1na architektonick\u00e1 sout\u011b\u017e na podobu parku.<\/li><\/ul>\n\n\n\n<figure class=\"wp-block-gallery has-nested-images columns-4 is-cropped wp-block-gallery-1 is-layout-flex wp-block-gallery-is-layout-flex\">\n<figure class=\"wp-block-image size-large\"><a href=\"https:\/\/100prozbraslav.cz\/wp-content\/uploads\/2022\/09\/Dum-Nad-Parkem.jpg\"><img loading=\"lazy\" decoding=\"async\" width=\"800\" height=\"533\" data-id=\"475\" src=\"https:\/\/100prozbraslav.cz\/wp-content\/uploads\/2022\/09\/Dum-Nad-Parkem.jpg\" alt=\"\" class=\"wp-image-475\" srcset=\"https:\/\/100prozbraslav.cz\/wp-content\/uploads\/2022\/09\/Dum-Nad-Parkem.jpg 800w, https:\/\/100prozbraslav.cz\/wp-content\/uploads\/2022\/09\/Dum-Nad-Parkem-300x200.jpg 300w, https:\/\/100prozbraslav.cz\/wp-content\/uploads\/2022\/09\/Dum-Nad-Parkem-768x512.jpg 768w\" sizes=\"auto, (max-width: 800px) 100vw, 800px\" \/><\/a><figcaption>Bytov\u00fd d\u016fm Nad Parkem<\/figcaption><\/figure>\n\n\n\n<figure class=\"wp-block-image size-large\"><a href=\"https:\/\/100prozbraslav.cz\/wp-content\/uploads\/2022\/09\/Pece-o-brehy-rek.jpg\"><img loading=\"lazy\" decoding=\"async\" width=\"800\" height=\"533\" data-id=\"477\" src=\"https:\/\/100prozbraslav.cz\/wp-content\/uploads\/2022\/09\/Pece-o-brehy-rek.jpg\" alt=\"\" class=\"wp-image-477\" srcset=\"https:\/\/100prozbraslav.cz\/wp-content\/uploads\/2022\/09\/Pece-o-brehy-rek.jpg 800w, https:\/\/100prozbraslav.cz\/wp-content\/uploads\/2022\/09\/Pece-o-brehy-rek-300x200.jpg 300w, https:\/\/100prozbraslav.cz\/wp-content\/uploads\/2022\/09\/Pece-o-brehy-rek-768x512.jpg 768w\" sizes=\"auto, (max-width: 800px) 100vw, 800px\" \/><\/a><figcaption>P\u00e9\u010de o b\u0159ehy \u0159ek<\/figcaption><\/figure>\n\n\n\n<figure class=\"wp-block-image size-large\"><a href=\"https:\/\/100prozbraslav.cz\/wp-content\/uploads\/2022\/09\/Projekt-noveho-byt.-domu.jpg\"><img loading=\"lazy\" decoding=\"async\" width=\"800\" height=\"583\" data-id=\"478\" src=\"https:\/\/100prozbraslav.cz\/wp-content\/uploads\/2022\/09\/Projekt-noveho-byt.-domu.jpg\" alt=\"\" class=\"wp-image-478\" srcset=\"https:\/\/100prozbraslav.cz\/wp-content\/uploads\/2022\/09\/Projekt-noveho-byt.-domu.jpg 800w, https:\/\/100prozbraslav.cz\/wp-content\/uploads\/2022\/09\/Projekt-noveho-byt.-domu-300x219.jpg 300w, https:\/\/100prozbraslav.cz\/wp-content\/uploads\/2022\/09\/Projekt-noveho-byt.-domu-768x560.jpg 768w\" sizes=\"auto, (max-width: 800px) 100vw, 800px\" \/><\/a><figcaption>Projekt nov\u00e9ho byt. domu<\/figcaption><\/figure>\n\n\n\n<figure class=\"wp-block-image size-large\"><a href=\"https:\/\/100prozbraslav.cz\/wp-content\/uploads\/2022\/09\/Vitani-obcanku.jpg\"><img loading=\"lazy\" decoding=\"async\" width=\"800\" height=\"534\" data-id=\"480\" src=\"https:\/\/100prozbraslav.cz\/wp-content\/uploads\/2022\/09\/Vitani-obcanku.jpg\" alt=\"\" class=\"wp-image-480\" srcset=\"https:\/\/100prozbraslav.cz\/wp-content\/uploads\/2022\/09\/Vitani-obcanku.jpg 800w, https:\/\/100prozbraslav.cz\/wp-content\/uploads\/2022\/09\/Vitani-obcanku-300x200.jpg 300w, https:\/\/100prozbraslav.cz\/wp-content\/uploads\/2022\/09\/Vitani-obcanku-768x513.jpg 768w\" sizes=\"auto, (max-width: 800px) 100vw, 800px\" \/><\/a><figcaption>V\u00edt\u00e1n\u00ed ob\u010d\u00e1nk\u016f<\/figcaption><\/figure>\n\n\n\n<figure class=\"wp-block-image size-large\"><a href=\"https:\/\/100prozbraslav.cz\/wp-content\/uploads\/2022\/09\/Dum-s-pec.-sluzbou.jpg\"><img loading=\"lazy\" decoding=\"async\" width=\"800\" height=\"533\" data-id=\"476\" src=\"https:\/\/100prozbraslav.cz\/wp-content\/uploads\/2022\/09\/Dum-s-pec.-sluzbou.jpg\" alt=\"\" class=\"wp-image-476\" srcset=\"https:\/\/100prozbraslav.cz\/wp-content\/uploads\/2022\/09\/Dum-s-pec.-sluzbou.jpg 800w, https:\/\/100prozbraslav.cz\/wp-content\/uploads\/2022\/09\/Dum-s-pec.-sluzbou-300x200.jpg 300w, https:\/\/100prozbraslav.cz\/wp-content\/uploads\/2022\/09\/Dum-s-pec.-sluzbou-768x512.jpg 768w\" sizes=\"auto, (max-width: 800px) 100vw, 800px\" \/><\/a><figcaption>D\u016fm s pe\u010d. slu\u017ebou<\/figcaption><\/figure>\n\n\n\n<figure class=\"wp-block-image size-large\"><a href=\"https:\/\/100prozbraslav.cz\/wp-content\/uploads\/2022\/09\/Prvnacci.jpg\"><img loading=\"lazy\" decoding=\"async\" width=\"800\" height=\"534\" data-id=\"479\" src=\"https:\/\/100prozbraslav.cz\/wp-content\/uploads\/2022\/09\/Prvnacci.jpg\" alt=\"\" class=\"wp-image-479\" srcset=\"https:\/\/100prozbraslav.cz\/wp-content\/uploads\/2022\/09\/Prvnacci.jpg 800w, https:\/\/100prozbraslav.cz\/wp-content\/uploads\/2022\/09\/Prvnacci-300x200.jpg 300w, https:\/\/100prozbraslav.cz\/wp-content\/uploads\/2022\/09\/Prvnacci-768x513.jpg 768w\" sizes=\"auto, (max-width: 800px) 100vw, 800px\" \/><\/a><figcaption>Prv\u0148\u00e1\u010dci<\/figcaption><\/figure>\n\n\n\n<figure class=\"wp-block-image size-large\"><a href=\"https:\/\/100prozbraslav.cz\/wp-content\/uploads\/2022\/09\/Zazemi-JSDH.jpg\"><img loading=\"lazy\" decoding=\"async\" width=\"800\" height=\"533\" data-id=\"481\" src=\"https:\/\/100prozbraslav.cz\/wp-content\/uploads\/2022\/09\/Zazemi-JSDH.jpg\" alt=\"\" class=\"wp-image-481\" srcset=\"https:\/\/100prozbraslav.cz\/wp-content\/uploads\/2022\/09\/Zazemi-JSDH.jpg 800w, https:\/\/100prozbraslav.cz\/wp-content\/uploads\/2022\/09\/Zazemi-JSDH-300x200.jpg 300w, https:\/\/100prozbraslav.cz\/wp-content\/uploads\/2022\/09\/Zazemi-JSDH-768x512.jpg 768w\" sizes=\"auto, (max-width: 800px) 100vw, 800px\" \/><\/a><figcaption>Z\u00e1zem\u00ed JSDH<\/figcaption><\/figure>\n<\/figure>\n\n\n\n<div class=\"wp-block-buttons is-content-justification-right is-layout-flex wp-container-core-buttons-is-layout-765c4724 wp-block-buttons-is-layout-flex\">\n<div class=\"wp-block-button alignright\"><a class=\"wp-block-button__link has-text-color has-background\" href=\"https:\/\/100prozbraslav.cz\/?page_id=128#mesto-krajina\" style=\"background-color:#314e60;color:#ea5050\">zp\u011bt<\/a><\/div>\n<\/div>\n","protected":false},"excerpt":{"rendered":"<p>Prosadili jsme nov\u00e9 autobusov\u00e9 linky \u010d. 242 a 246 a nov\u00fd no\u010dn\u00ed spoj. P\u0159ipravili jsme dopravn\u00ed \u0159e\u0161en\u00ed k\u0159i\u017eovatek mostu Z\u00e1vodu M\u00edru, kter\u00e9 v\u00fdrazn\u011b zjednodu\u0161uje dopravu v&nbsp;situaci uzav\u00edrky Barrandovsk\u00e9ho mostu. Prosadili jsme spolu s TSK Praha a.s. nov\u00fd most v&nbsp;ulici K V\u00fdtopn\u011b P\u0159isp\u011bli jsme k&nbsp;zaveden\u00ed BUS pruhu Lahovi\u010dky \u2013 Sm\u00edchov. Poda\u0159ilo se n\u00e1m na Magistr\u00e1tu prosadit&#8230;<\/p>\n","protected":false},"author":1,"featured_media":0,"parent":0,"menu_order":0,"comment_status":"closed","ping_status":"closed","template":"","meta":{"footnotes":""},"class_list":["post-486","page","type-page","status-publish","hentry"],"_links":{"self":[{"href":"https:\/\/100prozbraslav.cz\/index.php?rest_route=\/wp\/v2\/pages\/486","targetHints":{"allow":["GET"]}}],"collection":[{"href":"https:\/\/100prozbraslav.cz\/index.php?rest_route=\/wp\/v2\/pages"}],"about":[{"href":"https:\/\/100prozbraslav.cz\/index.php?rest_route=\/wp\/v2\/types\/page"}],"author":[{"embeddable":true,"href":"https:\/\/100prozbraslav.cz\/index.php?rest_route=\/wp\/v2\/users\/1"}],"replies":[{"embeddable":true,"href":"https:\/\/100prozbraslav.cz\/index.php?rest_route=%2Fwp%2Fv2%2Fcomments&post=486"}],"version-history":[{"count":2,"href":"https:\/\/100prozbraslav.cz\/index.php?rest_route=\/wp\/v2\/pages\/486\/revisions"}],"predecessor-version":[{"id":490,"href":"https:\/\/100prozbraslav.cz\/index.php?rest_route=\/wp\/v2\/pages\/486\/revisions\/490"}],"wp:attachment":[{"href":"https:\/\/100prozbraslav.cz\/index.php?rest_route=%2Fwp%2Fv2%2Fmedia&parent=486"}],"curies":[{"name":"wp","href":"https:\/\/api.w.org\/{rel}","templated":true}]}}

MĚSTO A KRAJINA

<ul class="wp-block-list" id="top"><li>Prosadili jsme nové autobusové linky č. 242 a 246 a nový noční spoj.</li><li>Připravili jsme dopravní řešení křižovatek mostu Závodu Míru, které výrazně zjednodušuje dopravu v&nbsp;situaci uzavírky Barrandovského mostu.</li><li>Prosadili jsme spolu s TSK Praha a.s. nový most v&nbsp;ulici K Výtopně</li><li>Přispěli jsme k&nbsp;zavedení BUS pruhu Lahovičky – Smíchov.</li><li>Podařilo se nám na Magistrátu prosadit rekonstrukci Žabovřeské ulice a vyjednat uvolnění peněz z&nbsp;rozpočtu MHMP.</li><li>Prosadili jsme mimoúrovňovou křižovatku do projektu dostavby policejního areálu Na Baních.</li><li>Z&nbsp;dotace Magistrátu vykupujeme pozemky pod komunikacemi na Závisti pro projekt nového vodovodu a kanalizace.</li><li>Spolupracujeme se zahrádkovou osadou Nad Kamínkou, podpořili jsme zachování vodovodu.</li><li>Pečujeme o břehy řek, lesy a louky.</li><li>Systematicky pečujeme o městské pozemky, udržujeme biotop pro volně žijící živočichy v&nbsp;Lahovičkách.</li><li>Vznikla naučná stezka v&nbsp;Lahovičkách.</li><li>Pravidelně probíhají povodňové prohlídky.</li><li>Je zavedeno krizové řízení pro povodňové stavy – digitální povodňový plán, informace pomocí Mobilního rozhlasu, výbava a výcvik JSDH.</li><li>Zrekonstruovali jsme zázemí pro jednotku JSDH Zbraslav.</li><li>Úspěšně jsme připomínkovali Metropolitní plán.</li><li>Společně s&nbsp;dalšími samosprávami jsme zastavili megalomanský projekt splavnění Berounky.</li><li>Aktivně spolupracujeme s&nbsp;IPR na vzniku Příměstského parku Soutok, kde pravidelně probíhají kulturní programy. Byla vypsána architektonická soutěž na podobu parku.</li></ul>



<figure class="wp-block-gallery has-nested-images columns-4 is-cropped wp-block-gallery-1 is-layout-flex wp-block-gallery-is-layout-flex">
<figure class="wp-block-image size-large"><a href="https://100prozbraslav.cz/wp-content/uploads/2022/09/Dum-Nad-Parkem.jpg"><img loading="lazy" decoding="async" width="800" height="533" data-id="475" src="https://100prozbraslav.cz/wp-content/uploads/2022/09/Dum-Nad-Parkem.jpg" alt="" class="wp-image-475" srcset="https://100prozbraslav.cz/wp-content/uploads/2022/09/Dum-Nad-Parkem.jpg 800w, https://100prozbraslav.cz/wp-content/uploads/2022/09/Dum-Nad-Parkem-300x200.jpg 300w, https://100prozbraslav.cz/wp-content/uploads/2022/09/Dum-Nad-Parkem-768x512.jpg 768w" sizes="auto, (max-width: 800px) 100vw, 800px" /></a><figcaption>Bytový dům Nad Parkem</figcaption></figure>



<figure class="wp-block-image size-large"><a href="https://100prozbraslav.cz/wp-content/uploads/2022/09/Pece-o-brehy-rek.jpg"><img loading="lazy" decoding="async" width="800" height="533" data-id="477" src="https://100prozbraslav.cz/wp-content/uploads/2022/09/Pece-o-brehy-rek.jpg" alt="" class="wp-image-477" srcset="https://100prozbraslav.cz/wp-content/uploads/2022/09/Pece-o-brehy-rek.jpg 800w, https://100prozbraslav.cz/wp-content/uploads/2022/09/Pece-o-brehy-rek-300x200.jpg 300w, https://100prozbraslav.cz/wp-content/uploads/2022/09/Pece-o-brehy-rek-768x512.jpg 768w" sizes="auto, (max-width: 800px) 100vw, 800px" /></a><figcaption>Péče o břehy řek</figcaption></figure>



<figure class="wp-block-image size-large"><a href="https://100prozbraslav.cz/wp-content/uploads/2022/09/Projekt-noveho-byt.-domu.jpg"><img loading="lazy" decoding="async" width="800" height="583" data-id="478" src="https://100prozbraslav.cz/wp-content/uploads/2022/09/Projekt-noveho-byt.-domu.jpg" alt="" class="wp-image-478" srcset="https://100prozbraslav.cz/wp-content/uploads/2022/09/Projekt-noveho-byt.-domu.jpg 800w, https://100prozbraslav.cz/wp-content/uploads/2022/09/Projekt-noveho-byt.-domu-300x219.jpg 300w, https://100prozbraslav.cz/wp-content/uploads/2022/09/Projekt-noveho-byt.-domu-768x560.jpg 768w" sizes="auto, (max-width: 800px) 100vw, 800px" /></a><figcaption>Projekt nového byt. domu</figcaption></figure>



<figure class="wp-block-image size-large"><a href="https://100prozbraslav.cz/wp-content/uploads/2022/09/Vitani-obcanku.jpg"><img loading="lazy" decoding="async" width="800" height="534" data-id="480" src="https://100prozbraslav.cz/wp-content/uploads/2022/09/Vitani-obcanku.jpg" alt="" class="wp-image-480" srcset="https://100prozbraslav.cz/wp-content/uploads/2022/09/Vitani-obcanku.jpg 800w, https://100prozbraslav.cz/wp-content/uploads/2022/09/Vitani-obcanku-300x200.jpg 300w, https://100prozbraslav.cz/wp-content/uploads/2022/09/Vitani-obcanku-768x513.jpg 768w" sizes="auto, (max-width: 800px) 100vw, 800px" /></a><figcaption>Vítání občánků</figcaption></figure>



<figure class="wp-block-image size-large"><a href="https://100prozbraslav.cz/wp-content/uploads/2022/09/Dum-s-pec.-sluzbou.jpg"><img loading="lazy" decoding="async" width="800" height="533" data-id="476" src="https://100prozbraslav.cz/wp-content/uploads/2022/09/Dum-s-pec.-sluzbou.jpg" alt="" class="wp-image-476" srcset="https://100prozbraslav.cz/wp-content/uploads/2022/09/Dum-s-pec.-sluzbou.jpg 800w, https://100prozbraslav.cz/wp-content/uploads/2022/09/Dum-s-pec.-sluzbou-300x200.jpg 300w, https://100prozbraslav.cz/wp-content/uploads/2022/09/Dum-s-pec.-sluzbou-768x512.jpg 768w" sizes="auto, (max-width: 800px) 100vw, 800px" /></a><figcaption>Dům s peč. službou</figcaption></figure>



<figure class="wp-block-image size-large"><a href="https://100prozbraslav.cz/wp-content/uploads/2022/09/Prvnacci.jpg"><img loading="lazy" decoding="async" width="800" height="534" data-id="479" src="https://100prozbraslav.cz/wp-content/uploads/2022/09/Prvnacci.jpg" alt="" class="wp-image-479" srcset="https://100prozbraslav.cz/wp-content/uploads/2022/09/Prvnacci.jpg 800w, https://100prozbraslav.cz/wp-content/uploads/2022/09/Prvnacci-300x200.jpg 300w, https://100prozbraslav.cz/wp-content/uploads/2022/09/Prvnacci-768x513.jpg 768w" sizes="auto, (max-width: 800px) 100vw, 800px" /></a><figcaption>Prvňáčci</figcaption></figure>



<figure class="wp-block-image size-large"><a href="https://100prozbraslav.cz/wp-content/uploads/2022/09/Zazemi-JSDH.jpg"><img loading="lazy" decoding="async" width="800" height="533" data-id="481" src="https://100prozbraslav.cz/wp-content/uploads/2022/09/Zazemi-JSDH.jpg" alt="" class="wp-image-481" srcset="https://100prozbraslav.cz/wp-content/uploads/2022/09/Zazemi-JSDH.jpg 800w, https://100prozbraslav.cz/wp-content/uploads/2022/09/Zazemi-JSDH-300x200.jpg 300w, https://100prozbraslav.cz/wp-content/uploads/2022/09/Zazemi-JSDH-768x512.jpg 768w" sizes="auto, (max-width: 800px) 100vw, 800px" /></a><figcaption>Zázemí JSDH</figcaption></figure>
</figure>



<div class="wp-block-buttons is-content-justification-right is-layout-flex wp-container-core-buttons-is-layout-765c4724 wp-block-buttons-is-layout-flex">
<div class="wp-block-button alignright"><a class="wp-block-button__link has-text-color has-background" href="https://100prozbraslav.cz/?page_id=128#mesto-krajina" style="background-color:#314e60;color:#ea5050">zpět</a></div>
</div>

<p>Prosadili jsme nové autobusové linky č. 242 a 246 a nový noční spoj. Připravili jsme dopravní řešení křižovatek mostu Závodu Míru, které výrazně zjednodušuje dopravu v&nbsp;situaci uzavírky Barrandovského mostu. Prosadili jsme spolu s TSK Praha a.s. nový most v&nbsp;ulici K Výtopně Přispěli jsme k&nbsp;zavedení BUS pruhu Lahovičky – Smíchov. Podařilo se nám na Magistrátu prosadit&#8230;</p>
