{"id":474,"date":"2022-09-01T11:03:08","date_gmt":"2022-09-01T09:03:08","guid":{"rendered":"https:\/\/100prozbraslav.cz\/?page_id=474"},"modified":"2022-09-01T11:04:45","modified_gmt":"2022-09-01T09:04:45","slug":"socialni-a-zdravotni-oblast","status":"publish","type":"page","link":"https:\/\/100prozbraslav.cz\/?page_id=474","title":{"rendered":"SOCI\u00c1LN\u00cd A ZDRAVOTN\u00cd OBLAST"},"content":{"rendered":"\n<ul class=\"wp-block-list\" id=\"top\"><li>Modernizovali jsme D\u016fm s pe\u010dovatelskou slu\u017ebou, p\u0159ibyla nov\u00e1 klubovna, z\u00e1zem\u00ed pro mas\u00e1\u017ee, automatick\u00e9 vstupn\u00ed dve\u0159e.<\/li><li>Roz\u0161\u00ed\u0159ili jsme pe\u010dovatelskou slu\u017ebu.<\/li><li>Z\u00edskali jsme dotaci na financov\u00e1n\u00ed pe\u010dovatelsk\u00e9 slu\u017eby.<\/li><li>Zakoupili jsme nov\u00fd v\u016fz pro pe\u010dovatelskou slu\u017ebu.<\/li><li>Pe\u010dujeme o seniory, podporujeme seniorsk\u00fd klub Klas.<\/li><li>Vybudovali jsme dv\u011b nov\u00e9 d\u00edlny v&nbsp;klubu Klas.<\/li><li>Zavedli jsme a distribuujeme tzv. Seniorskou ob\u00e1lku.<\/li><li>Organizujeme setk\u00e1n\u00ed se seniory.<\/li><li>Zajistili jsme krizov\u00e9 \u0159\u00edzen\u00ed v&nbsp;r\u00e1mci pandemie koronaviru, z\u0159\u00eddili Linky pomoci, koordinovali pomoc a aktivity dobrovoln\u00edk\u016f.<\/li><li>Pom\u00e1hali jsme senior\u016fm s&nbsp;registrac\u00ed a dopravou na o\u010dkov\u00e1n\u00ed proti onemocn\u011bn\u00ed Covid-19.<\/li><li>Spolupracujeme a podporujeme organizace zam\u011bstn\u00e1vaj\u00edc\u00ed lidi znev\u00fdhodn\u011bn\u00e9 na trhu pr\u00e1ce \u2013 Etincelle, Zelen\u00fd ostrov, Helpless, Most k&nbsp;domovu, Zdravotn\u00ed klaun.<\/li><li>Organizujeme slavnostn\u00ed akce \u2013 v\u00edt\u00e1n\u00ed ob\u010d\u00e1nk\u016f, v\u00edt\u00e1n\u00ed prv\u0148\u00e1\u010dk\u016f a lou\u010den\u00ed s&nbsp;dev\u00e1\u0165\u00e1ky.<\/li><li>Neopom\u00edj\u00edme gratulace senior\u016fm k&nbsp;\u017eivotn\u00edmu jubileu.<\/li><li>Rekonstruujeme a opravujeme m\u011bstsk\u00e9 byty.<\/li><li>Za vyu\u017eit\u00ed dotac\u00ed jsme zrekonstruovali bytov\u00fd d\u016fm Nad Parkem.<\/li><li>Z\u00edskali jsme dotaci 50 mil. K\u010d na projekt nov\u00e9ho bytov\u00e9ho domu.<\/li><\/ul>\n\n\n\n<figure class=\"wp-block-gallery has-nested-images columns-4 is-cropped wp-block-gallery-1 is-layout-flex wp-block-gallery-is-layout-flex\">\n<figure class=\"wp-block-image size-large\"><a href=\"https:\/\/100prozbraslav.cz\/wp-content\/uploads\/2022\/09\/Dum-Nad-Parkem.jpg\"><img loading=\"lazy\" decoding=\"async\" width=\"800\" height=\"533\" data-id=\"475\" src=\"https:\/\/100prozbraslav.cz\/wp-content\/uploads\/2022\/09\/Dum-Nad-Parkem.jpg\" alt=\"\" class=\"wp-image-475\" srcset=\"https:\/\/100prozbraslav.cz\/wp-content\/uploads\/2022\/09\/Dum-Nad-Parkem.jpg 800w, https:\/\/100prozbraslav.cz\/wp-content\/uploads\/2022\/09\/Dum-Nad-Parkem-300x200.jpg 300w, https:\/\/100prozbraslav.cz\/wp-content\/uploads\/2022\/09\/Dum-Nad-Parkem-768x512.jpg 768w\" sizes=\"auto, (max-width: 800px) 100vw, 800px\" \/><\/a><figcaption>Bytov\u00fd d\u016fm Nad Parkem<\/figcaption><\/figure>\n\n\n\n<figure class=\"wp-block-image size-large\"><a href=\"https:\/\/100prozbraslav.cz\/wp-content\/uploads\/2022\/09\/Pece-o-brehy-rek.jpg\"><img loading=\"lazy\" decoding=\"async\" width=\"800\" height=\"533\" data-id=\"477\" src=\"https:\/\/100prozbraslav.cz\/wp-content\/uploads\/2022\/09\/Pece-o-brehy-rek.jpg\" alt=\"\" class=\"wp-image-477\" srcset=\"https:\/\/100prozbraslav.cz\/wp-content\/uploads\/2022\/09\/Pece-o-brehy-rek.jpg 800w, https:\/\/100prozbraslav.cz\/wp-content\/uploads\/2022\/09\/Pece-o-brehy-rek-300x200.jpg 300w, https:\/\/100prozbraslav.cz\/wp-content\/uploads\/2022\/09\/Pece-o-brehy-rek-768x512.jpg 768w\" sizes=\"auto, (max-width: 800px) 100vw, 800px\" \/><\/a><figcaption>P\u00e9\u010de o b\u0159ehy \u0159ek<\/figcaption><\/figure>\n\n\n\n<figure class=\"wp-block-image size-large\"><a href=\"https:\/\/100prozbraslav.cz\/wp-content\/uploads\/2022\/09\/Projekt-noveho-byt.-domu.jpg\"><img loading=\"lazy\" decoding=\"async\" width=\"800\" height=\"583\" data-id=\"478\" src=\"https:\/\/100prozbraslav.cz\/wp-content\/uploads\/2022\/09\/Projekt-noveho-byt.-domu.jpg\" alt=\"\" class=\"wp-image-478\" srcset=\"https:\/\/100prozbraslav.cz\/wp-content\/uploads\/2022\/09\/Projekt-noveho-byt.-domu.jpg 800w, https:\/\/100prozbraslav.cz\/wp-content\/uploads\/2022\/09\/Projekt-noveho-byt.-domu-300x219.jpg 300w, https:\/\/100prozbraslav.cz\/wp-content\/uploads\/2022\/09\/Projekt-noveho-byt.-domu-768x560.jpg 768w\" sizes=\"auto, (max-width: 800px) 100vw, 800px\" \/><\/a><figcaption>Projekt nov\u00e9ho byt. domu<\/figcaption><\/figure>\n\n\n\n<figure class=\"wp-block-image size-large\"><a href=\"https:\/\/100prozbraslav.cz\/wp-content\/uploads\/2022\/09\/Vitani-obcanku.jpg\"><img loading=\"lazy\" decoding=\"async\" width=\"800\" height=\"534\" data-id=\"480\" src=\"https:\/\/100prozbraslav.cz\/wp-content\/uploads\/2022\/09\/Vitani-obcanku.jpg\" alt=\"\" class=\"wp-image-480\" srcset=\"https:\/\/100prozbraslav.cz\/wp-content\/uploads\/2022\/09\/Vitani-obcanku.jpg 800w, https:\/\/100prozbraslav.cz\/wp-content\/uploads\/2022\/09\/Vitani-obcanku-300x200.jpg 300w, https:\/\/100prozbraslav.cz\/wp-content\/uploads\/2022\/09\/Vitani-obcanku-768x513.jpg 768w\" sizes=\"auto, (max-width: 800px) 100vw, 800px\" \/><\/a><figcaption>V\u00edt\u00e1n\u00ed ob\u010d\u00e1nk\u016f<\/figcaption><\/figure>\n\n\n\n<figure class=\"wp-block-image size-large\"><a href=\"https:\/\/100prozbraslav.cz\/wp-content\/uploads\/2022\/09\/Dum-s-pec.-sluzbou.jpg\"><img loading=\"lazy\" decoding=\"async\" width=\"800\" height=\"533\" data-id=\"476\" src=\"https:\/\/100prozbraslav.cz\/wp-content\/uploads\/2022\/09\/Dum-s-pec.-sluzbou.jpg\" alt=\"\" class=\"wp-image-476\" srcset=\"https:\/\/100prozbraslav.cz\/wp-content\/uploads\/2022\/09\/Dum-s-pec.-sluzbou.jpg 800w, https:\/\/100prozbraslav.cz\/wp-content\/uploads\/2022\/09\/Dum-s-pec.-sluzbou-300x200.jpg 300w, https:\/\/100prozbraslav.cz\/wp-content\/uploads\/2022\/09\/Dum-s-pec.-sluzbou-768x512.jpg 768w\" sizes=\"auto, (max-width: 800px) 100vw, 800px\" \/><\/a><figcaption>D\u016fm s pe\u010d. slu\u017ebou<\/figcaption><\/figure>\n\n\n\n<figure class=\"wp-block-image size-large\"><a href=\"https:\/\/100prozbraslav.cz\/wp-content\/uploads\/2022\/09\/Prvnacci.jpg\"><img loading=\"lazy\" decoding=\"async\" width=\"800\" height=\"534\" data-id=\"479\" src=\"https:\/\/100prozbraslav.cz\/wp-content\/uploads\/2022\/09\/Prvnacci.jpg\" alt=\"\" class=\"wp-image-479\" srcset=\"https:\/\/100prozbraslav.cz\/wp-content\/uploads\/2022\/09\/Prvnacci.jpg 800w, https:\/\/100prozbraslav.cz\/wp-content\/uploads\/2022\/09\/Prvnacci-300x200.jpg 300w, https:\/\/100prozbraslav.cz\/wp-content\/uploads\/2022\/09\/Prvnacci-768x513.jpg 768w\" sizes=\"auto, (max-width: 800px) 100vw, 800px\" \/><\/a><figcaption>Prv\u0148\u00e1\u010dci<\/figcaption><\/figure>\n\n\n\n<figure class=\"wp-block-image size-large\"><a href=\"https:\/\/100prozbraslav.cz\/wp-content\/uploads\/2022\/09\/Zazemi-JSDH.jpg\"><img loading=\"lazy\" decoding=\"async\" width=\"800\" height=\"533\" data-id=\"481\" src=\"https:\/\/100prozbraslav.cz\/wp-content\/uploads\/2022\/09\/Zazemi-JSDH.jpg\" alt=\"\" class=\"wp-image-481\" srcset=\"https:\/\/100prozbraslav.cz\/wp-content\/uploads\/2022\/09\/Zazemi-JSDH.jpg 800w, https:\/\/100prozbraslav.cz\/wp-content\/uploads\/2022\/09\/Zazemi-JSDH-300x200.jpg 300w, https:\/\/100prozbraslav.cz\/wp-content\/uploads\/2022\/09\/Zazemi-JSDH-768x512.jpg 768w\" sizes=\"auto, (max-width: 800px) 100vw, 800px\" \/><\/a><figcaption>Z\u00e1zem\u00ed JSDH<\/figcaption><\/figure>\n<\/figure>\n\n\n\n<div class=\"wp-block-buttons is-content-justification-right is-layout-flex wp-container-core-buttons-is-layout-765c4724 wp-block-buttons-is-layout-flex\">\n<div class=\"wp-block-button alignright\"><a class=\"wp-block-button__link has-text-color has-background\" href=\"https:\/\/100prozbraslav.cz\/?page_id=128#socialni-zdravi\" style=\"background-color:#314e60;color:#ea5050\">zp\u011bt<\/a><\/div>\n<\/div>\n","protected":false},"excerpt":{"rendered":"<p>Modernizovali jsme D\u016fm s pe\u010dovatelskou slu\u017ebou, p\u0159ibyla nov\u00e1 klubovna, z\u00e1zem\u00ed pro mas\u00e1\u017ee, automatick\u00e9 vstupn\u00ed dve\u0159e. Roz\u0161\u00ed\u0159ili jsme pe\u010dovatelskou slu\u017ebu. Z\u00edskali jsme dotaci na financov\u00e1n\u00ed pe\u010dovatelsk\u00e9 slu\u017eby. Zakoupili jsme nov\u00fd v\u016fz pro pe\u010dovatelskou slu\u017ebu. Pe\u010dujeme o seniory, podporujeme seniorsk\u00fd klub Klas. Vybudovali jsme dv\u011b nov\u00e9 d\u00edlny v&nbsp;klubu Klas. Zavedli jsme a distribuujeme tzv. Seniorskou ob\u00e1lku. Organizujeme&#8230;<\/p>\n","protected":false},"author":1,"featured_media":0,"parent":0,"menu_order":0,"comment_status":"closed","ping_status":"closed","template":"","meta":{"footnotes":""},"class_list":["post-474","page","type-page","status-publish","hentry"],"_links":{"self":[{"href":"https:\/\/100prozbraslav.cz\/index.php?rest_route=\/wp\/v2\/pages\/474","targetHints":{"allow":["GET"]}}],"collection":[{"href":"https:\/\/100prozbraslav.cz\/index.php?rest_route=\/wp\/v2\/pages"}],"about":[{"href":"https:\/\/100prozbraslav.cz\/index.php?rest_route=\/wp\/v2\/types\/page"}],"author":[{"embeddable":true,"href":"https:\/\/100prozbraslav.cz\/index.php?rest_route=\/wp\/v2\/users\/1"}],"replies":[{"embeddable":true,"href":"https:\/\/100prozbraslav.cz\/index.php?rest_route=%2Fwp%2Fv2%2Fcomments&post=474"}],"version-history":[{"count":2,"href":"https:\/\/100prozbraslav.cz\/index.php?rest_route=\/wp\/v2\/pages\/474\/revisions"}],"predecessor-version":[{"id":485,"href":"https:\/\/100prozbraslav.cz\/index.php?rest_route=\/wp\/v2\/pages\/474\/revisions\/485"}],"wp:attachment":[{"href":"https:\/\/100prozbraslav.cz\/index.php?rest_route=%2Fwp%2Fv2%2Fmedia&parent=474"}],"curies":[{"name":"wp","href":"https:\/\/api.w.org\/{rel}","templated":true}]}}

SOCIÁLNÍ A ZDRAVOTNÍ OBLAST

<ul class="wp-block-list" id="top"><li>Modernizovali jsme Dům s pečovatelskou službou, přibyla nová klubovna, zázemí pro masáže, automatické vstupní dveře.</li><li>Rozšířili jsme pečovatelskou službu.</li><li>Získali jsme dotaci na financování pečovatelské služby.</li><li>Zakoupili jsme nový vůz pro pečovatelskou službu.</li><li>Pečujeme o seniory, podporujeme seniorský klub Klas.</li><li>Vybudovali jsme dvě nové dílny v&nbsp;klubu Klas.</li><li>Zavedli jsme a distribuujeme tzv. Seniorskou obálku.</li><li>Organizujeme setkání se seniory.</li><li>Zajistili jsme krizové řízení v&nbsp;rámci pandemie koronaviru, zřídili Linky pomoci, koordinovali pomoc a aktivity dobrovolníků.</li><li>Pomáhali jsme seniorům s&nbsp;registrací a dopravou na očkování proti onemocnění Covid-19.</li><li>Spolupracujeme a podporujeme organizace zaměstnávající lidi znevýhodněné na trhu práce – Etincelle, Zelený ostrov, Helpless, Most k&nbsp;domovu, Zdravotní klaun.</li><li>Organizujeme slavnostní akce – vítání občánků, vítání prvňáčků a loučení s&nbsp;deváťáky.</li><li>Neopomíjíme gratulace seniorům k&nbsp;životnímu jubileu.</li><li>Rekonstruujeme a opravujeme městské byty.</li><li>Za využití dotací jsme zrekonstruovali bytový dům Nad Parkem.</li><li>Získali jsme dotaci 50 mil. Kč na projekt nového bytového domu.</li></ul>



<figure class="wp-block-gallery has-nested-images columns-4 is-cropped wp-block-gallery-1 is-layout-flex wp-block-gallery-is-layout-flex">
<figure class="wp-block-image size-large"><a href="https://100prozbraslav.cz/wp-content/uploads/2022/09/Dum-Nad-Parkem.jpg"><img loading="lazy" decoding="async" width="800" height="533" data-id="475" src="https://100prozbraslav.cz/wp-content/uploads/2022/09/Dum-Nad-Parkem.jpg" alt="" class="wp-image-475" srcset="https://100prozbraslav.cz/wp-content/uploads/2022/09/Dum-Nad-Parkem.jpg 800w, https://100prozbraslav.cz/wp-content/uploads/2022/09/Dum-Nad-Parkem-300x200.jpg 300w, https://100prozbraslav.cz/wp-content/uploads/2022/09/Dum-Nad-Parkem-768x512.jpg 768w" sizes="auto, (max-width: 800px) 100vw, 800px" /></a><figcaption>Bytový dům Nad Parkem</figcaption></figure>



<figure class="wp-block-image size-large"><a href="https://100prozbraslav.cz/wp-content/uploads/2022/09/Pece-o-brehy-rek.jpg"><img loading="lazy" decoding="async" width="800" height="533" data-id="477" src="https://100prozbraslav.cz/wp-content/uploads/2022/09/Pece-o-brehy-rek.jpg" alt="" class="wp-image-477" srcset="https://100prozbraslav.cz/wp-content/uploads/2022/09/Pece-o-brehy-rek.jpg 800w, https://100prozbraslav.cz/wp-content/uploads/2022/09/Pece-o-brehy-rek-300x200.jpg 300w, https://100prozbraslav.cz/wp-content/uploads/2022/09/Pece-o-brehy-rek-768x512.jpg 768w" sizes="auto, (max-width: 800px) 100vw, 800px" /></a><figcaption>Péče o břehy řek</figcaption></figure>



<figure class="wp-block-image size-large"><a href="https://100prozbraslav.cz/wp-content/uploads/2022/09/Projekt-noveho-byt.-domu.jpg"><img loading="lazy" decoding="async" width="800" height="583" data-id="478" src="https://100prozbraslav.cz/wp-content/uploads/2022/09/Projekt-noveho-byt.-domu.jpg" alt="" class="wp-image-478" srcset="https://100prozbraslav.cz/wp-content/uploads/2022/09/Projekt-noveho-byt.-domu.jpg 800w, https://100prozbraslav.cz/wp-content/uploads/2022/09/Projekt-noveho-byt.-domu-300x219.jpg 300w, https://100prozbraslav.cz/wp-content/uploads/2022/09/Projekt-noveho-byt.-domu-768x560.jpg 768w" sizes="auto, (max-width: 800px) 100vw, 800px" /></a><figcaption>Projekt nového byt. domu</figcaption></figure>



<figure class="wp-block-image size-large"><a href="https://100prozbraslav.cz/wp-content/uploads/2022/09/Vitani-obcanku.jpg"><img loading="lazy" decoding="async" width="800" height="534" data-id="480" src="https://100prozbraslav.cz/wp-content/uploads/2022/09/Vitani-obcanku.jpg" alt="" class="wp-image-480" srcset="https://100prozbraslav.cz/wp-content/uploads/2022/09/Vitani-obcanku.jpg 800w, https://100prozbraslav.cz/wp-content/uploads/2022/09/Vitani-obcanku-300x200.jpg 300w, https://100prozbraslav.cz/wp-content/uploads/2022/09/Vitani-obcanku-768x513.jpg 768w" sizes="auto, (max-width: 800px) 100vw, 800px" /></a><figcaption>Vítání občánků</figcaption></figure>



<figure class="wp-block-image size-large"><a href="https://100prozbraslav.cz/wp-content/uploads/2022/09/Dum-s-pec.-sluzbou.jpg"><img loading="lazy" decoding="async" width="800" height="533" data-id="476" src="https://100prozbraslav.cz/wp-content/uploads/2022/09/Dum-s-pec.-sluzbou.jpg" alt="" class="wp-image-476" srcset="https://100prozbraslav.cz/wp-content/uploads/2022/09/Dum-s-pec.-sluzbou.jpg 800w, https://100prozbraslav.cz/wp-content/uploads/2022/09/Dum-s-pec.-sluzbou-300x200.jpg 300w, https://100prozbraslav.cz/wp-content/uploads/2022/09/Dum-s-pec.-sluzbou-768x512.jpg 768w" sizes="auto, (max-width: 800px) 100vw, 800px" /></a><figcaption>Dům s peč. službou</figcaption></figure>



<figure class="wp-block-image size-large"><a href="https://100prozbraslav.cz/wp-content/uploads/2022/09/Prvnacci.jpg"><img loading="lazy" decoding="async" width="800" height="534" data-id="479" src="https://100prozbraslav.cz/wp-content/uploads/2022/09/Prvnacci.jpg" alt="" class="wp-image-479" srcset="https://100prozbraslav.cz/wp-content/uploads/2022/09/Prvnacci.jpg 800w, https://100prozbraslav.cz/wp-content/uploads/2022/09/Prvnacci-300x200.jpg 300w, https://100prozbraslav.cz/wp-content/uploads/2022/09/Prvnacci-768x513.jpg 768w" sizes="auto, (max-width: 800px) 100vw, 800px" /></a><figcaption>Prvňáčci</figcaption></figure>



<figure class="wp-block-image size-large"><a href="https://100prozbraslav.cz/wp-content/uploads/2022/09/Zazemi-JSDH.jpg"><img loading="lazy" decoding="async" width="800" height="533" data-id="481" src="https://100prozbraslav.cz/wp-content/uploads/2022/09/Zazemi-JSDH.jpg" alt="" class="wp-image-481" srcset="https://100prozbraslav.cz/wp-content/uploads/2022/09/Zazemi-JSDH.jpg 800w, https://100prozbraslav.cz/wp-content/uploads/2022/09/Zazemi-JSDH-300x200.jpg 300w, https://100prozbraslav.cz/wp-content/uploads/2022/09/Zazemi-JSDH-768x512.jpg 768w" sizes="auto, (max-width: 800px) 100vw, 800px" /></a><figcaption>Zázemí JSDH</figcaption></figure>
</figure>



<div class="wp-block-buttons is-content-justification-right is-layout-flex wp-container-core-buttons-is-layout-765c4724 wp-block-buttons-is-layout-flex">
<div class="wp-block-button alignright"><a class="wp-block-button__link has-text-color has-background" href="https://100prozbraslav.cz/?page_id=128#socialni-zdravi" style="background-color:#314e60;color:#ea5050">zpět</a></div>
</div>

<p>Modernizovali jsme Dům s pečovatelskou službou, přibyla nová klubovna, zázemí pro masáže, automatické vstupní dveře. Rozšířili jsme pečovatelskou službu. Získali jsme dotaci na financování pečovatelské služby. Zakoupili jsme nový vůz pro pečovatelskou službu. Pečujeme o seniory, podporujeme seniorský klub Klas. Vybudovali jsme dvě nové dílny v&nbsp;klubu Klas. Zavedli jsme a distribuujeme tzv. Seniorskou obálku. Organizujeme&#8230;</p>
